 by w(7)?
20
What is the remainder when 64 is divided by (-2050)/(-123)*(-6)/(-10)?
4
Let u = -62 + 67. Suppose 0 = u*d - d - 484. What is the remainder when d is divided by 41?
39
Suppose i = -i. Suppose -q + 23 + 16 = i. Let g(y) = -y**3 + 13*y**2 - 12*y + 14. Calculate the remainder when q is divided by g(12).
11
Suppose 35 = n - 2*a, -3*n - a + 40 = -37. Suppose -83 = -11*v + 71. Calculate the remainder when n is divided by v.
13
Suppose -5*v = -556 - 4. Calculate the remainder when v is divided by 5.
2
Let f be 18/(-14) - (-6)/21. Calculate the remainder when (1/(f*1))/((-16)/688) is divided by (110/(-15))/((-4)/6).
10
Let p = 307 - 281. Calculate the remainder when 47 is divided by p.
21
Suppose -3*n = -0*n - 2*u - 69, -5*n = 4*u - 93. Let a = 23 - n. Suppose -3*v = a*v - 60. What is the remainder when 59 is divided by v?
11
Let u = 6 - 3. Suppose -6 = -b - m, 2*b + m - 18 = -u*b. Suppose t - 3 - 20 = -4*f, 3*f = -b*t + 24. Calculate the remainder when 7 is divided by t.
1
Suppose 3 = -n + 7. Suppose -t + n*r = -2*t + 57, 5*t - r - 369 = 0. Calculate the remainder when t is divided by 19.
16
Let n = -585 - -1096. Calculate the remainder when n is divided by 58.
47
What is the remainder when ((-924)/18)/(((-8)/18)/2) is divided by 13?
10
What is the remainder when (56/24)/(-7)*-168 is divided by 27?
2
Let s(n) = n**3 + 10*n**2 - 10*n + 10. Let q be s(-11). Let v be (-3 - 3)/(-1 + q). Suppose v*j + 14 = 107. Calculate the remainder when j is divided by 8.
7
Suppose -2 - 1 = -3*r. Suppose 0 = 3*j + 10 - r, t - j = 25. Calculate the remainder when t is divided by 5.
2
Let k = 66 - 35. What is the remainder when k is divided by (-38)/(-6)*3 + -3?
15
Calculate the remainder when 136 is divided by 10 + (3 - 20) + 134.
9
Suppose 416 = 4*h + 8. Calculate the remainder when h is divided by 37.
28
Suppose -8*z + 293 = -11. What is the remainder when 206 is divided by z?
16
Suppose -21*o + c = -22*o + 57, -52 = -o + 4*c. What is the remainder when 93 is divided by o?
37
Suppose -23*j - 630 = -28*j. Let w = j - 88. Suppose 2*d = 3*d - 14. Calculate the remainder when w is divided by d.
10
Let y = -96 + 148. Let p = y + -33. Calculate the remainder when 41 is divided by p.
3
What is the remainder when 42 is divided by 18/((-3)/(-3) + 1)?
6
Suppose -92 = 4*w - 0*w. Let n = w + 41. What is the remainder when ((-18)/15)/((-7)/(-1155)*-6) is divided by n?
15
Calculate the remainder when 3402/36 - (-2)/(-4) is divided by (26 + -5)*1*(-2)/(-3).
10
Let p be (-2 + (-7 - -8))*(-10)/2. Suppose 0 = p*r - h - 15, -3*r + 6 + 3 = h. Calculate the remainder when 5 is divided by r.
2
Suppose -16*w = -10*w - 54. What is the remainder when -4*((-74)/8 - -1) is divided by w?
6
Let t(p) = p**3 - 33*p**2 - 67*p + 98. What is the remainder when t(35) is divided by 4?
3
Let t be ((-5)/(-2))/5*8. Let b be 124/(2 - 6/t). Suppose 5*s = 4*a - 333 + 122, -5*a + s + b = 0. Calculate the remainder when a is divided by 13.
10
What is the remainder when (8 + -13 + 70)*(-12)/(-10) is divided by 27?
24
Let z(t) be the second derivative of -7*t**3/6 - 13*t**2/2 + 2*t. Let v be z(-7). What is the remainder when 2/9 - (-1540)/v is divided by 15?
13
What is the remainder when 98/637 + 2052/13 is divided by 50?
8
Suppose -20*v = -7*v - 1326. What is the remainder when v is divided by 54?
48
Let z = 1072 - 1017. What is the remainder when z is divided by 19?
17
Let t(k) = k**3 + 28*k**2 + 28*k + 52. What is the remainder when 149 is divided by t(-27)?
24
Let f(w) = 3*w**2 + 8*w - 3. Let i be f(-3). Suppose i = 5*r - 32 - 78. Calculate the remainder when 172 is divided by r.
18
Let d(v) = v**3 - 26*v**2 - 22*v + 24. Calculate the remainder when d(27) is divided by 41.
36
Suppose -2426 = -27*u + 2083. What is the remainder when u is divided by 62?
43
Let y = -18 - -10. Let u be 1 + 13*34 + -3. Calculate the remainder when (4/(-10))/(y/u) is divided by 8.
6
Suppose 0 = 11*u - 198 - 110. Let j = -20 - -1. Let i = j + u. What is the remainder when 24 is divided by i?
6
Let q = -140 - -163. Calculate the remainder when q is divided by 504/81 - 2/9.
5
Let h(a) = a + 250*a**2 - 122*a**2 - 124*a**2 - 17. Calculate the remainder when h(6) is divided by 34.
31
Let q(h) = h**2 - 26*h + 166. Calculate the remainder when 579 is divided by q(16).
3
Let f = -209 - -111. Let c = 113 + f. What is the remainder when c is divided by 1/(4/18)*2?
6
Let q(x) = x**2 - 18*x + 20. Let f be q(16). Calculate the remainder when 29 is divided by 3/(f/(-68)) + (-6)/3.
14
Suppose 7*q - 9*q + t = -11, -5*t = 5. Suppose 41 = q*a + 6. Calculate the remainder when 17 is divided by a.
3
Let a(x) = x**2 + 8 - 2*x + 4*x + 0 + 3*x. Calculate the remainder when 22 is divided by a(-5).
6
Suppose -3745 = -41*i + 6*i. Suppose -o = 2*f - 57, 0*f + 75 = 3*f - 2*o. Calculate the remainder when i is divided by f.
26
Calculate the remainder when 73 is divided by 17/((-34)/(-24)) - -5.
5
Let l = -805 + 1063. Calculate the remainder when l is divided by 86.
0
Suppose -9 = 3*j, j + 3*j + 264 = 4*z. Calculate the remainder when 120 is divided by z.
57
Suppose 0 = a - 4*l - 270, -5*l = -2*l + 6. Suppose -4*h + 2*s + 216 = 0, -2*s - 61 = -h + 2*s. What is the remainder when a is divided by h?
50
What is the remainder when 401 is divided by (-8 - -9)/(3/3)*17?
10
Suppose -18*n - 4*n = -88. What is the remainder when 54 is divided by n?
2
Let v(c) = 7*c**2 - 7*c - 131. Calculate the remainder when v(-6) is divided by 17.
10
Suppose g - 2*z = 18, 0 = -0*g - 3*g - 4*z + 44. Suppose 0 = -5*j + g + 9. Suppose -7*k = -j*k - 100. What is the remainder when k is divided by 17?
16
Suppose -3*x = -8*x + 30. Suppose -x + 0 = -3*y. Suppose -y*o = -4*o + 56. Calculate the remainder when o is divided by 15.
13
Let l(p) = 2 - 5 - p**2 + 0 + 5. Let b be l(0). Calculate the remainder when (2 - 26 - b)/(-2) is divided by 5.
3
Calculate the remainder when 165 is divided by ((-32)/(-24))/(3 - (-237)/(-81)).
3
Let i = -27 - -49. Suppose -44*v + 28*v = -96. Calculate the remainder when i is divided by v.
4
Let p = -49 - -54. Suppose 0 = -4*z + z + 5*j + 350, 0 = p*z - 2*j - 615. Calculate the remainder when z is divided by 43.
39
Suppose 42*t - 39*t = 5*r - 1034, 0 = -r - 4*t + 216. What is the remainder when r is divided by 55?
43
Let g(v) = -33*v**2 + 178*v + 10. Calculate the remainder when 247 is divided by g(5).
22
Let n(m) = 11*m**2 - 44*m + 45. Let o(r) = -5*r - 1. Calculate the remainder when o(-7) is divided by n(1).
10
Let x = -12 - 104. What is the remainder when 54 is divided by -3*(-1)/(-12)*x?
25
Let q = 493 - 449. What is the remainder when 61 is divided by q?
17
Let k be (-134)/5 - (-2)/(-10). Let y(u) = -u**2 + 11*u - 4. What is the remainder when y(7) is divided by 24/108 - (237/k)/1?
6
Suppose -382 = -2343*s + 2342*s. What is the remainder when s is divided by 32?
30
Suppose c - 2 = 10. Suppose -4*i + 38 = 174. Let k = 0 - i. Calculate the remainder when k is divided by c.
10
Suppose -3*m = 2*t - 44, -2*t = -0*m - m + 12. Let r(l) = l**3 + 15*l**2 - 33*l + 23. What is the remainder when m is divided by r(-17)?
2
Let u = 82 + -32. Let y be 2110/(-26) - 14/(-91). What is the remainder when u is divided by 1/(-2 - y/39)?
11
Let z be -1 + 85 + -3 + 3. Suppose -11*n = -8*n - 252. Suppose 3*m - 24 - z = -3*s, -5*s - n = -3*m. Calculate the remainder when m is divided by 12.
9
Let a be (-2 - (-60)/9)/(2/24). Suppose 2*x - a = -8. What is the remainder when 213 is divided by x?
21
Let v(a) = 6*a**2 - 1. Let y be v(-3). Let m = 47 - 21. Calculate the remainder when -3 - y*(-8)/4 is divided by m.
25
Let c = -301 + 309. Suppose 4*a - 3 - 1 = 0. What is the remainder when (-33)/(a + -2) + -2 is divided by c?
7
Suppose 5*t - 21 = 2*v, 3*t + 4*v - v - 21 = 0. Suppose -g - 2*q = -9, 11 + 1 = 3*q. What is the remainder when t is divided by g?
0
Suppose -o - 4*d + d - 15 = 0, 3*o + 13 = -d. Let g be (4/(-10))/(o/45). Let q(i) = i**3 - 5*i**2 - 5*i + 8. Calculate the remainder when 41 is divided by q(g).
13
Let s be ((328/12)/1)/(1/3). Suppose -2*r - s = -7*r - 2*y, 5*r = 4*y + 76. Calculate the remainder when 29 is divided by r.
13
Calculate the remainder when 107 is divided by 7*(5 + (20/(-4) - -4)).
23
Let s(y) = -y + 30. Let f = 14 - 11. Suppose f*k - 161 =